0 = -2*w - 4. Let f(t) = -t**3 - 4*t**2 - t. Let n be f(s). Let g(j) = -j**2 - 7*j - 6. Give g(n).
0
Let n(i) = i**2 - i. Let k(j) = -5*j**2 + 11*j + 1. Let f(y) = k(y) + 6*n(y). Determine f(-2).
-5
Let a(f) = -f**2 + 4*f + 2. Suppose 3*n = 2*h + 9, -n - 2 = -4*h + n. Suppose 10 = -h*d + 5*d. Calculate a(d).
-3
Let n = 7 + -12. Let x be ((-2)/(-5))/((-1)/n). Let s(r) = -r + 0 - 4*r**x - r**3 + 3 - 1. Give s(-4).
6
Let n(h) = 6*h - 2*h**2 + 4 + 6*h**2 - 3*h**2 + 0*h**2. Determine n(-4).
-4
Let d(n) = n**3 - 3*n**2 + n - 1. Let y be d(3). Let z(c) = 2*c**y + 1 + 6*c + 5 - 6. Let w = -3 - 1. Give z(w).
8
Suppose 5*b + f + 5 = -2*f, 2*f + 16 = 3*b. Let y(r) = 3*r**3 - r - 4*r**3 + 3*r**b + r. What is y(3)?
0
Let u(q) = 4*q**3 + 5*q**2 + 4*q - 4. Let t(l) = -2*l**3 - l + 3 + 0 - 1 - 3*l**2 - l. Let g(h) = 11*t(h) + 6*u(h). Calculate g(2).
6
Let g(a) = 5*a**2 - 4*a + 2. Let i(n) = -11*n**2 + 7*n - 4. Let k(y) = -9*g(y) - 4*i(y). What is k(7)?
5
Let s = -209 + 208. Let c(i) = 21*i. Let l(h) = h. Let f(w) = c(w) - 18*l(w). Calculate f(s).
-3
Let t(m) be the second derivative of -5*m + 1/6*m**3 + 1/2*m**2 - 1/6*m**4 + 0. Give t(-2).
-9
Let n(h) be the second derivative of -7*h**4/6 - h**3/6 + 2*h. Suppose -4 = -4*p - 8. What is n(p)?
-13
Let r(c) = -2*c - 2. Suppose -21 = -3*y - 2*z, 3*y + 0*z = z + 12. What is r(y)?
-12
Let g(f) = 2*f**2. Let y be (-1 - 6/3)*-2. Suppose -b - 2*p - 3 = -y*b, 3*b + 2*p + 11 = 0. What is g(b)?
2
Let b(w) = w**3 + 6*w**2 + 2*w + 4. Let m(u) = -u**2 + u. Let d(s) = -b(s) - 2*m(s). Let n(l) = -l**3 - 3. Let h be n(0). Give d(h).
-1
Let h be (45/(-6))/((-3)/6). Suppose -5*z - 5*u + u - 36 = 0, -2*u = -z - 10. Let c be (-10)/h + z/(-3). Let j(v) = -2*v + 2. Determine j(c).
-2
Let b(i) = -6*i**2 - i - 1. Let o be b(-1). Let t be (0 - 1) + 1 + o. Let k(r) be the second derivative of -r**3/6 - 6*r**2 - 2*r. Give k(t).
-6
Let z(x) = -x**2 + 9*x - 5. Let a be z(9). Let k(c) = -3*c**2 - 4*c + 2. Let v(r) = -r**2 - 1. Let s(p) = -k(p) + 2*v(p). Determine s(a).
1
Let f(z) = z**3 + 6*z**2 - z. Let n be f(-6). Let o(k) = -10 + 0*k + k - 2. What is o(n)?
-6
Let u(t) be the third derivative of t**6/40 + t**5/60 + 2*t**2. Suppose 0 = -3*l + 2*k + 13, 5*l - 4*k = 44 - 19. Determine u(l).
4
Let j(i) = -4*i**2 + 5*i**3 + 4*i**2 - i. Let r be j(-1). Let y(g) = -g**2 - 5*g + 2. Let u(h) = -h**2 - 5*h + 1. Let s(v) = 5*u(v) - 4*y(v). Give s(r).
1
Let c(f) = 2*f**3 - f. Let v be 1 + (4/1)/(-2). Let l be c(v). Let s(r) = 3*r**2 - 1. Determine s(l).
2
Let g = 13 + -12. Let n be g/(-1)*6*1. Let s(u) = -u - 12. Give s(n).
-6
Let d be (-30)/4*12/15. Let s(b) be the first derivative of b**4/4 + 7*b**3/3 + 7*b**2/2 - b + 5. Give s(d).
-7
Let w = 147 + -153. Let o(l) = 5*l + 8. Determine o(w).
-22
Let z(f) = f**3 + 6*f**2 + f + 8. Let y be z(-6). Suppose 0 = -y*u + 1 + 5. Suppose u*w + 2 = -10. Let n(t) = -t + 1. Calculate n(w).
5
Let v(c) be the first derivative of c**2/2 - 7*c - 1. Let s be (-4 - -6) + -1*2. What is v(s)?
-7
Let m be 132*(22/(-6) - -3). Let i be m/(-14) + (-4)/14. Let k(a) = a**2 - 7*a + 9. Calculate k(i).
3
Let m(i) = i - 1. Let p = 93 + -87. Give m(p).
5
Let f(b) = 47 - 2*b + 0*b - 50 + b**2. Calculate f(5).
12
Let y(p) be the second derivative of p**3/6 + p**2/2 + 2*p. Let i be ((-4)/(-1) - 2)*-3. What is y(i)?
-5
Let d(b) = -b**2 + 3*b - 2. Suppose 0 = 3*a + a. Suppose a = 5*o + 4*v + 2, o + 2*v = -o - 2. Determine d(o).
0
Suppose -2*l - 3*l = -5. Let k = l - 4. Let z = k - -5. Let u(v) = v - 2. Calculate u(z).
0
Let h(j) = 0*j**3 - 2*j**3 - 3*j**2 + 3*j**3 + 8*j**2 + 5*j. Let d be (-2)/4 - (-3)/2. Suppose -4*f - 15 = d. Calculate h(f).
-4
Suppose 6*i - 2*i = 52. Let k be -1 - -3 - (-1 + -5). Let b = i - k. Let c(o) = -o**3 + 6*o**2 - 6*o - 3. Calculate c(b).
-8
Suppose 0 = 23*a - 18*a - 15. Let w(u) = u**2 + 1. Determine w(a).
10
Let r be (-3)/(-2)*36/27. Let a(c) = 2*c**2 - 2*c + 2. What is a(r)?
6
Let c(r) = -r. Let i(z) = z**3 + 7*z**2 + 11*z - 1. Let b be i(-4). Give c(b).
-3
Suppose -15 = 5*f + 5. Let u(w) = w**2 + 4*w - 9. Let x(i) = 1. Let o(v) = u(v) + 4*x(v). Calculate o(f).
-5
Let j(s) = s - 6. Let w be j(9). Let k(x) = -x - 4. Give k(w).
-7
Suppose 0*j + 2*j - 4 = 0. Let a(h) = -2*h**2 + h - 1 + 2 + 1. Determine a(j).
-4
Let m(y) = 3 - 4*y + y**3 - 4*y - 2*y**2 + 3*y. Suppose -3*p + 1 = -8. Calculate m(p).
-3
Let h(b) = -b**3 - 4*b**2 - 2*b + 2. Let l(a) = -a**2 + 2. Let c be l(-1). Suppose -5*x + 4*n = c + 1, 0 = 2*x + 4*n + 12. Determine h(x).
-2
Suppose 5*f + 14 = -4*u, -2 = -f + 5*u + 1. Let c(y) be the third derivative of -y**4/12 - y**3/2 - 4*y**2. Give c(f).
1
Let l(z) = -z + 2. Let n(w) = w**3 + 8*w**2 - 3. Suppose j + 32 = -3*j. Let k be n(j). What is l(k)?
5
Let h be (-16)/10*(-20)/8. Let p(l) = -h*l + l + 2*l**2 - 2 + 2*l. Give p(-2).
8
Let q(y) = -11*y**2 + 6*y - 1. Let h(o) = -13*o**2 + 7*o - 1. Let u(t) = -4*h(t) + 5*q(t). Determine u(2).
-9
Suppose -4*h + 0*h = -4*v - 4, 3*v = -2*h + 7. Let z(y) = 7*y**2 - y. What is z(v)?
6
Let t(k) = -k + 15. Suppose 5*r + 3*i = -0*i + 53, 5*i = 5*r - 85. Give t(r).
2
Let k = -12 - -15. Suppose -k*i = 4*h - 3, 0 = 4*h + 3*i - 6*i + 27. Let q(v) = -3*v - 1. What is q(h)?
8
Let u(h) = -17*h**3 - 5*h**2 + 9*h + 2. Let o(n) = 8*n**3 + 2*n**2 - 4*n - 1. Let d(q) = 7*o(q) + 3*u(q). Give d(-1).
-6
Let x(s) = s - 5. Let y be x(0). Let m(u) = u**2 + 7*u + 7. Let t be m(y). Let v be t + -1 + 0 + 0. Let h(z) = 4*z + 6. What is h(v)?
-10
Let c(d) = -3*d + 4. Let o = -15 - -18. What is c(o)?
-5
Let g(a) = -a**2 + 1. Let r(c) = -6*c**2 + 6. Let l(x) = 5*g(x) - r(x). Give l(1).
0
Let r(w) = w**2 + 8*w + 7. Suppose -40*a - 12 = -38*a. Determine r(a).
-5
Suppose 3*i - 2 = -2*c - 12, 5*c + 25 = -2*i. Let z = -2 - i. Let x(h) = -h**3 - 4*h**2 - 2*h. Give x(z).
-4
Let q(a) = a + 3 - 1 - 2 - 1. Determine q(3).
2
Let i(k) = 2*k**2 + 2*k - 4. Let b(d) = -5*d**2 - 6*d + 11. Let l(y) = 3*b(y) + 8*i(y). Calculate l(1).
0
Let v(b) = 3 + 2*b + 15*b**2 - b - 7*b**2 - 7*b**2. Determine v(0).
3
Suppose -3*s + 2*u + 1 = -0*s, 0 = -s + u - 1. Let j(g) = -2 + 3*g**2 - 1 - g**2 - 3*g. Calculate j(s).
6
Let a(n) be the first derivative of n**3/3 + n**2/2 + 5*n + 1. Determine a(0).
5
Let c(i) = -i + 1. Let g(w) = -5*w**3 + w**2 - w - 1. Let f be g(-1). Let h = f - 11. Let b(s) = s**2 + 5*s - 5. Let n be b(h). Give c(n).
6
Let g(z) = -z**2 - 2*z + 3. Let d be g(-4). Let y(l) be the second derivative of l**3/3 + l**2 - 104*l. What is y(d)?
-8
Let y = 18 - 12. Suppose -4*i = -18 + y. Let s(o) be the first derivative of -o**2/2 + 6*o - 2. What is s(i)?
3
Let p(v) = 2*v**2 - 3*v - 1. Let k be p(-1). Let y(j) be the first derivative of 3*j**2/2 - 3*j + 2. Give y(k).
9
Suppose 0*p = -p - 1. Let g(m) be the third derivative of m**4/12 - m**3/6 + 8*m**2. What is g(p)?
-3
Let q(k) = -6 - 9*k - k - k**2 + 2*k. Let b be q(-6). Suppose 4*p + a = -17, 4*p + 29 = a + b. Let w(f) = f + 4. What is w(p)?
-1
Let o(v) = -v - 2*v + v - 6 - 3*v. Let j(h) = -h. Let s = 5 + -9. Let r(d) = s*j(d) + o(d). What is r(0)?
-6
Let t(p) = 2*p. Let f(r) = -r**2 - 10*r - 10. Let w be f(-9). What is t(w)?
-2
Let p(o) be the first derivative of -o**3/3 - 7*o**2/2 + 2*o + 6. What is p(-8)?
-6
Let h(i) = -2*i**3 - 2*i**2 + 1. Let z be h(-1). Let q(o) = 1 + 3 + z - 3*o. Let c(d) = -2*d + 3. Let l(p) = 5*c(p) - 3*q(p). Calculate l(4).
-4
Let a(d) be the second derivative of -3*d**5/20 + d**4/12 + d**3/6 + d**2 + 16*d + 2. Calculate a(-2).
28
Let t(w) = -2 + w**3 + 2*w - 4*w + 0 - 1 + 2*w**2. Calculate t(-2).
1
Suppose -6 = 3*z, -4*o - 5*z - 26 = 28. Let q(g) = 26*g**3 + 11*g**2 - 11*g + 16. Let k(c) = -5*c**3 - 2*c**2 + 2*c - 3. Let h(i) = o*k(i) - 2*q(i). Give h(1).
4
Let f(n) = 6*n**3 - 8*n**2 + 5*n + 1. Let a(u) = 7*u**3 - 8*u**2 + 6*u - 1. Let i(l) = -5*a(l) + 6*f(l). Calculate i(8).
11
Let y(g) = g**2 + 5*g + 4. Let f(o) = o**3 - 4*o**2 - 4*o + 11. Let v be f(2). Determine y(v).
4
Suppose 0 = 2*g - 2 - 2. Suppose g*n + 1 = -9. Let y(s) = -s**2 - 7*s - 7. Give y(n).
3
Let k(o) be the second derivative of 7*o - 7/12*o**4 - 1/2*o**2 + 0*o**3 + 0. What is k(1)?
-8
Let z(h) = h**3 - 2*h - 1. Suppose 4*p = 7*p + 3. Let u be z(p). Let k(b) = 8 + 4*b**3 + 2*b**3 - 7*b**3. Calculate k(u).
8
Let r(m) be the third derivative of m**4/4 - m**2. Su